(1 - 1/1). Suppose p = 2*y + k*y - 16. What is r(y)?
-4
Let a(m) be the first derivative of -m**4/4 + 5*m**3/3 + 7*m**2/2 - 8. What is a(6)?
6
Let c(n) = -n**3 + 2*n**2 + n - 2. Let i be (-5 + -1)*9/(-18). Determine c(i).
-8
Let m(l) = 4 - l - 4 - 1. Suppose 5*i = 3*a + 27, 0*a - 35 = -5*i + 5*a. Calculate m(i).
-4
Let d be 5 + -4 + (-1 - 1). Let j(h) be the third derivative of -7*h**5/60 - h**4/24 - 15*h**2. Calculate j(d).
-6
Let r(d) = -d + 1. Let l be r(0). Let n(f) be the second derivative of 5*f**4/6 + f**3/6 - f**2/2 + f. Give n(l).
10
Let n(y) = 6*y - 1. Let i(t) = 3*t + 1. Let f be i(0). What is n(f)?
5
Suppose -4*m + 4*u + 64 = 0, -5*m + 2*u = 3*u - 104. Suppose -5 = 5*z - m. Let k(h) = h**2 + 3*h - 3. What is k(z)?
15
Suppose -z - 1 = c + z, -2*z = 6. Let s(a) = 5*a + 2*a**3 + 2*a**3 - c - 3*a**3 + 6*a**2. Let j = 51 - 56. What is s(j)?
-5
Let m = -3 - -5. Suppose -5*k + 19 = -5*a - 21, 0 = 4*k + a - 22. Let x(v) = -k*v + v + m*v. Determine x(-2).
6
Let y(g) = g**3 + 3*g**2 - 4*g - 2. Suppose 2*f - 4*p + 20 = 0, -3*f - 39 = p - 9. Let d be (-8)/f*(-8 + 3). What is y(d)?
-2
Let n = -7 - -8. Let d be (4 - n)*(-2)/(-3). Let w(c) = 8*c - 3. What is w(d)?
13
Suppose -7 = 3*g + 5*q, g = 4*g - q - 23. Suppose 0*k - g = -3*k. Let o(f) = -f**2 - 2. What is o(k)?
-6
Let d(m) = -m**3 + 17*m**2 + 16*m + 35. Let s be d(18). Let v(c) = -2*c. What is v(s)?
2
Let p = -43 + 38. Let f(t) = -4*t**2 - 4*t - 1. Let x(m) = -5*m**2 - 4*m - 2. Let q(n) = -4*f(n) + 3*x(n). What is q(p)?
3
Let v(c) = 2*c**2 + 2*c - 3. Let f = 2 + -5. Determine v(f).
9
Let b(x) = x + 2. Suppose -40 = 6*a - 10. Give b(a).
-3
Let n(z) = -5*z - 16. Let q(j) = j**2 + 2*j + 4. Let p be q(-3). Let l(f) = 2*f + 8. Let b(v) = p*l(v) + 3*n(v). What is b(0)?
8
Let v(a) be the third derivative of a**5/15 + a**4/24 + 5*a**2. Let j be ((-2)/5 - 0)*-45. Suppose -b - b + 5*x + j = 0, 7 = 5*b - 3*x. Give v(b).
3
Suppose 0 = -3*c + 6, -3 = -2*j + 3*c - 1. Let y(g) be the second derivative of g**4/12 - 5*g**3/6 - g**2/2 - 2*g. Give y(j).
-5
Let m(x) = -4*x**2 + 2*x + 2. Let b(v) be the third derivative of -7*v**5/60 + 5*v**4/24 + v**3/2 + v**2. Let z(u) = -3*b(u) + 5*m(u). Calculate z(5).
1
Let s = 1 - -6. Let a = -6 + s. Let i be (-1 - 0)*(a - 0). Let g(u) = 2*u + 1. Give g(i).
-1
Let h(j) = j**2 - 4*j. Suppose 4*u = -0*u - 4*g + 20, -1 = -u + 3*g. Suppose 0 = -2*r + u*o + 30, -3*o + 85 = 5*r + 10. Suppose -2*k + r = k. Calculate h(k).
5
Suppose 0 = -22*w + 28*w + 30. Let c(q) = -q**3 - 5*q**2 + 7. Determine c(w).
7
Let d = -11 - -8. Let q(u) = u**2 - 1. Calculate q(d).
8
Let x(a) = -a**2 - a + 4. Suppose -5 = 3*n + 4. Let s be x(n). Let d(b) = -2*b**2 - 3*b - 3. Determine d(s).
-5
Let j(z) = -3*z**3 - 1. Let n be j(-1). Suppose -4*v = -3*v + 5*i - 14, n*v + 14 = 4*i. Let x(l) = l - 14*l**3 - 2*l + 5*l**3. Determine x(v).
10
Let x(z) = z - 12. Suppose s = -4*s + 25. Determine x(s).
-7
Let u(k) = k**3 - 5*k**2 - 3. Let c be u(5). Let f be c - -6 - (-3 - -3). Let t(d) = -f*d + 4*d**2 - 4*d + 5 - 2*d**2. What is t(4)?
9
Let a(p) = -3*p + 5. Let s(r) = -r. Let t be s(-3). Suppose -4 = -3*k + 2*x + 1, 0 = 2*k + t*x - 25. Let q = k + -1. Give a(q).
-7
Let f(y) be the second derivative of -y**5/120 - y**3/2 - 3*y. Let u(i) be the second derivative of f(i). Give u(4).
-4
Let w(s) = s + 3. Let h be (-3 - 3/(-1))/1. Calculate w(h).
3
Let x = 18 - 12. Let w(y) = -y**3 + y**2 + y + 1. Let c(i) = -3*i**3 - 3*i**2 + 10*i + 12. Let b(z) = c(z) - 4*w(z). Calculate b(x).
8
Let i(m) = m**3 + 15*m**2 - 3*m - 21*m**2 + 1 + 2*m. Calculate i(6).
-5
Let r(h) = -h**2 + h + 1. Let n(c) = -c**3 - 6*c**2 - 7*c + 2. Let f be n(-5). Let d = -9 + f. Give r(d).
-5
Let d(s) = s**2 + s. Let a be d(1). Suppose -3*u + 0 = -a*q + 1, 2*q = -2. Let f(n) = -4*n + n + 6*n. Calculate f(u).
-3
Let o be 1/6*(-10 - -7)*-14. Let b(q) = -2*q + 13. What is b(o)?
-1
Let t(k) = -12*k + 14. Let m(q) = -4*q + 5. Let y = 3 + 8. Let j(i) = y*m(i) - 4*t(i). Determine j(1).
3
Let j(h) = h**3 + 4*h**2. Let c = -14 - -13. Let r(f) = 4*f. Let t be r(c). Calculate j(t).
0
Let a(j) = 14*j + 7. Let m(x) = -1. Let k(c) = a(c) + m(c). Let o(u) = u - 10. Let l be o(5). Let q(b) = -9*b - 4. Let f(i) = l*k(i) - 8*q(i). Give f(-4).
-6
Let l be 9/2*(-4)/(-6). Suppose -1 = -l*f + 8. Let d(j) = j - 2*j - j**2 + 2*j. Give d(f).
-6
Let n(b) = -3*b - 4. Let y(z) = z**3 - 12*z**2 + 7*z. Let u(q) = -q**2 - 1. Let d(o) = 4*u(o) - y(o). Let v be d(7). Calculate n(v).
8
Let a(d) be the third derivative of -1/2*d**3 + 1/12*d**4 + 0*d + 0 - 1/60*d**5 + 2*d**2. Calculate a(3).
-6
Suppose -10 = 2*u - 4*u. Suppose 4*c = u*c - 2. Let n(k) = -k - 1. What is n(c)?
-3
Suppose 9 = 4*y + 3*h, -h - 5 = -0*h. Let i(d) = -d + 1. Let m(c) = c**2 - 5*c. Let v(r) = 3*i(r) + m(r). Give v(y).
-9
Let r(u) = 2*u + 2. Suppose 11 = -5*g - 14. Let w = -7 - g. Determine r(w).
-2
Let l(u) = -11*u**2 - 5 + 12*u**2 + u + 7. Let p = 2 + 0. What is l(p)?
8
Let i(z) = z**3 + z - 6. Suppose 5*s = 2*s + 15. Suppose -o = -s*b + 2*o + 6, 0 = -3*o - 6. Calculate i(b).
-6
Let i(v) be the third derivative of v**6/60 + v**5/30 - v**4/12 - 3*v**2. Suppose -3*u - 1 = -4*x + 3*x, 0 = 5*u - 2*x. Determine i(u).
-4
Let o(n) = 3*n**2 + n. Let u be o(1). Let t(b) = 3*b - b - 4*b - u + 2. Give t(-3).
4
Let d(b) be the third derivative of 1/24*b**4 + 3*b**2 + 0*b + 1/20*b**5 - 1/3*b**3 + 0 - 1/120*b**6. Give d(2).
4
Let s(o) = -o**3 - o**2 + 2*o - 1. Let h be (-4)/7 - 110/(-70). Give s(h).
-1
Let v(p) be the second derivative of p**3/6 - 3*p. Let w be v(4). Let s(z) = w*z - 1 - 6*z + z**2 + 5*z. What is s(-4)?
3
Let d(v) = -v**3 + 3*v**2 - 1. Suppose 4*h + 0*m + m = 11, 3*h - 2*m - 11 = 0. Give d(h).
-1
Let n(x) = -4*x**3 + 3*x**3 - 7*x - 6*x**2 - 9 + 2*x**3. Calculate n(7).
-9
Let o(q) = -2*q - 2. Let y(w) = -w**2 + 9*w - 5. Suppose 0 = -2*f + 16. Let l be y(f). What is o(l)?
-8
Let o(y) = 3*y + 5. Let l(t) be the second derivative of -2*t**3/3 - 4*t**2 - 3*t. Let r(u) = -5*l(u) - 7*o(u). Determine r(4).
1
Suppose -6*a + 2*a = -5*j - 12, -3*a - 14 = 2*j. Let v(y) = -5*y - 1. Give v(a).
9
Let i(p) = 3*p - 7. Let t(h) = h**3 + h**2 - h + 6. Let l be t(0). Calculate i(l).
11
Let k(y) = y + 2. Let t be 34/2 + -3 - 1. Suppose 0 = -4*o + 35 + t. Suppose 0*z + o = -4*z. Give k(z).
-1
Let k(j) = 11*j + 5. Suppose 8 = 3*v - 16. Let a(c) = -6 - 3 - 32*c - v + 3. Let m(q) = 6*a(q) + 17*k(q). Determine m(1).
-4
Let a(s) = 4*s + 3*s - 5*s - s. What is a(5)?
5
Suppose -2*r + 2*z - 3 + 9 = 0, -4 = -3*r + 2*z. Let a be (-4 - r)*1/(-2). Let b(u) = -3*u. What is b(a)?
-3
Let n = -8 - -8. Let v(x) = -x**2 - x + 14. Determine v(n).
14
Let c(z) = 4*z**3 + 2*z**2 + 2*z + 1. Suppose -5*s = k + 1, 2*s - 2 = 8*k - 9*k. What is c(s)?
-3
Let n(h) = 1 - 2*h**2 + 5*h**3 + 2*h - h + 0*h - 6*h**3. Calculate n(-2).
-1
Let k(z) = z**3 + 6*z**2 - 2*z - 9. Suppose -21 = -5*y + 9. Let w be (y/(-4))/((-2)/(-8)). What is k(w)?
3
Suppose -5*x = -5*f - 55, 2*f + 0*x + 3*x = 3. Let c(k) = -2*k - 8. Determine c(f).
4
Let i be 4/6 + 24/18. Suppose -4*a + 16 = 5*c, 3*c = -i*a + 7*a + 17. Let t(u) = -4 + 4*u**3 + 2*u - 5*u**3 + 3 + 3*u**2 + 0*u**2. Determine t(c).
-9
Let y(d) = 6*d**3 + 3*d**2 - d - 1. Let v(a) = -5*a**3 - 2*a**2 + a + 1. Let r(h) = 4*v(h) + 3*y(h). Suppose -b - 3*b = 4. Determine r(b).
3
Suppose 3*n + n - w = 13, 3*n - 4*w = 0. Let u(b) = -b + 4. Let x be u(n). Let k(l) = l**3 - l**2 - l + 6. Give k(x).
6
Let l(z) = z - 4. Let k = 62 - 56. Calculate l(k).
2
Suppose 0 = 7*o - 18 + 4. Let h(v) = 5*v**2 - 3*v - 3 + 6*v**o - v**3 + v - 15*v**2. What is h(-4)?
5
Let w(h) = -6*h + 2. Let y be w(-3). Suppose -2*f = -3*z + 19, -3*z = z - y. Let t(k) be the third derivative of -k**4/6 - k**3/3 + 2*k**2. Calculate t(f).
6
Let q = 31 - 9. Suppose -2*p + 0*p + q = 0. Let w(s) = -12 + p - 5*s**3 + 3*s**3 + 2*s**2. Calculate w(-1).
3
Let n(x) = -2*x**2 - x - 2 + 0*x**3 + 0*x**3 + 3 + x**3. Give n(2).
-1
Let h(g) = -4*g**2 - 9*g + 87 - 89 + 4*g**2 - g**2. Give h(-8).
6
Let o(p) be the second derivative of p + 0 + 1/3*p**3 - 3*p**2. Determine o(4).
2
Let l(s) = -5*s**3 - s**2 - 13*s + 21. Let c(j) = 3*j**3 + 6*j - 11. Let q(z) = 7*c(z) + 4*l(z). What is q(6)?
19
Let g(k) = -4*k + 1. Let z(s) = -4*s + 1. Let n(o) = -3*g(o) + 2*z(o). What is n(-4)?
-17
L